{"id":1247,"date":"2019-12-08T13:10:29","date_gmt":"2019-12-08T13:10:29","guid":{"rendered":"https:\/\/www.theswingingkids.com\/?page_id=1247"},"modified":"2020-01-30T19:58:03","modified_gmt":"2020-01-30T19:58:03","slug":"2017-2","status":"publish","type":"page","link":"https:\/\/www.theswingingkids.com\/index.php\/2017-2\/","title":{"rendered":"2017"},"content":{"rendered":"<h3>\n\t\t\t\t\tNos repr\u00e9sentations<br \/>\n\t\t\t\t<\/h3>\n<p>Voici tous nos concerts, spectacles ou apparitions lors d&rsquo;\u00e9v\u00e9nements durant cette ann\u00e9e !<\/p>\n<article>\n\t\t\t\t\t\t<a href=\"https:\/\/www.theswingingkids.com\/index.php\/2017\/10\/17\/vernissage-cd\/\" title=\"Vernissage CD\"><br \/>\n\t\t\t\t\t\t\t<img loading=\"lazy\" decoding=\"async\" width=\"600\" height=\"849\" src=\"https:\/\/www.theswingingkids.com\/wp-content\/uploads\/2018\/08\/IMG-20171101-WA0000.jpg\" alt=\"Vernissage du cd \u00ab\u00a0The Swinging Kids\u00a0\u00bb\" srcset=\"https:\/\/www.theswingingkids.com\/wp-content\/uploads\/2018\/08\/IMG-20171101-WA0000.jpg 600w, https:\/\/www.theswingingkids.com\/wp-content\/uploads\/2018\/08\/IMG-20171101-WA0000-212x300.jpg 212w\" sizes=\"(max-width: 600px) 100vw, 600px\" \/>\t\t\t\t\t\t<\/a><\/p>\n<h2>\n\t\t\t\t\t\t\t<a href=\"https:\/\/www.theswingingkids.com\/index.php\/2017\/10\/17\/vernissage-cd\/\" title=\"Vernissage CD\"><br \/>\n\t\t\t\t\tVernissage CD\t\t\t\t<\/a><br \/>\n\t\t\t\t\t\t\t<\/h2>\n<p>\t\t\t\t\t\t\t\t\tG\u00e0bor Barta<br \/>\n\t\t\t\t\t\t\t\t\toctobre 17, 2017<br \/>\n\t\t\t\tVernissage du CD \u00ab\u00a0The Swinging Kids\u00a0\u00bb Vendredi 10 novembre \u00e0 18h \u00e0 Bercher Affiche cr\u00e9\u00e9e et produite par Tania Blanco The Swinging Kids Vous invite au vernissage de son premier&hellip;<br \/>\n\t\t\t\t<a href=\"https:\/\/www.theswingingkids.com\/index.php\/2017\/10\/17\/vernissage-cd\/\"\n\t\t\t\t   title=\"Read more\">Read more<\/a><br \/>\n\t\t\t<!-- .obfx-grid-col-content --><\/article>\n<p><!-- .obfx-grid-container --><!-- .obfx-grid -->\t\t<\/p>\n<h3>\n\t\t\t\t\tGalerie photo<br \/>\n\t\t\t\t<\/h3>\n<p>Quelques photos prises durant cette ann\u00e9e !<\/p>\n<style type='text\/css'>\n\t\t\t#gallery-1 {\n\t\t\t\tmargin: auto;\n\t\t\t}\n\t\t\t#gallery-1 .gallery-item {\n\t\t\t\tfloat: left;\n\t\t\t\tmargin-top: 10px;\n\t\t\t\ttext-align: center;\n\t\t\t\twidth: 25%;\n\t\t\t}\n\t\t\t#gallery-1 img {\n\t\t\t\tborder: 2px solid #cfcfcf;\n\t\t\t}\n\t\t\t#gallery-1 .gallery-caption {\n\t\t\t\tmargin-left: 0;\n\t\t\t}\n\t\t\t\/* see gallery_shortcode() in wp-includes\/media.php *\/\n\t\t<\/style>\n<dl class='gallery-item'>\n<dt class='gallery-icon landscape'>\n\t\t\t\t<a data-elementor-open-lightbox=\"default\" data-elementor-lightbox-slideshow=\"06ce378\" href='https:\/\/www.theswingingkids.com\/wp-content\/uploads\/2018\/07\/1531033826711.jpg'><img loading=\"lazy\" decoding=\"async\" width=\"150\" height=\"150\" src=\"https:\/\/www.theswingingkids.com\/wp-content\/uploads\/2018\/07\/1531033826711-150x150.jpg\" alt=\"\" \/><\/a>\n\t\t\t<\/dt>\n<\/dl>\n<dl class='gallery-item'>\n<dt class='gallery-icon landscape'>\n\t\t\t\t<a data-elementor-open-lightbox=\"default\" data-elementor-lightbox-slideshow=\"06ce378\" href='https:\/\/www.theswingingkids.com\/wp-content\/uploads\/2018\/08\/20170519_105305_HDR.jpg'><img loading=\"lazy\" decoding=\"async\" width=\"150\" height=\"150\" src=\"https:\/\/www.theswingingkids.com\/wp-content\/uploads\/2018\/08\/20170519_105305_HDR-150x150.jpg\" alt=\"\" \/><\/a>\n\t\t\t<\/dt>\n<\/dl>\n<dl class='gallery-item'>\n<dt class='gallery-icon landscape'>\n\t\t\t\t<a data-elementor-open-lightbox=\"default\" data-elementor-lightbox-slideshow=\"06ce378\" href='https:\/\/www.theswingingkids.com\/wp-content\/uploads\/2018\/08\/20170520_134539.jpg'><img loading=\"lazy\" decoding=\"async\" width=\"150\" height=\"150\" src=\"https:\/\/www.theswingingkids.com\/wp-content\/uploads\/2018\/08\/20170520_134539-150x150.jpg\" alt=\"\" \/><\/a>\n\t\t\t<\/dt>\n<\/dl>\n<p>\t\t\t<br style='clear: both' \/><\/p>\n","protected":false},"excerpt":{"rendered":"<p>Nos repr\u00e9sentations Voici tous nos concerts, spectacles ou apparitions lors d&rsquo;\u00e9v\u00e9nements durant cette ann\u00e9e ! Vernissage CD G\u00e0bor Barta octobre 17, 2017 Vernissage du CD \u00ab\u00a0The Swinging Kids\u00a0\u00bb Vendredi 10 novembre \u00e0 18h \u00e0 Bercher Affiche cr\u00e9\u00e9e et produite par Tania Blanco The Swinging Kids Vous invite au vernissage de [&hellip;]<\/p>\n","protected":false},"author":3,"featured_media":0,"parent":0,"menu_order":0,"comment_status":"closed","ping_status":"closed","template":"page-templates\/template-fullwidth.php","meta":{"_monsterinsights_skip_tracking":false,"_monsterinsights_sitenote_active":false,"_monsterinsights_sitenote_note":"","_monsterinsights_sitenote_category":0,"footnotes":""},"class_list":["post-1247","page","type-page","status-publish","hentry"],"_links":{"self":[{"href":"https:\/\/www.theswingingkids.com\/index.php\/wp-json\/wp\/v2\/pages\/1247"}],"collection":[{"href":"https:\/\/www.theswingingkids.com\/index.php\/wp-json\/wp\/v2\/pages"}],"about":[{"href":"https:\/\/www.theswingingkids.com\/index.php\/wp-json\/wp\/v2\/types\/page"}],"author":[{"embeddable":true,"href":"https:\/\/www.theswingingkids.com\/index.php\/wp-json\/wp\/v2\/users\/3"}],"replies":[{"embeddable":true,"href":"https:\/\/www.theswingingkids.com\/index.php\/wp-json\/wp\/v2\/comments?post=1247"}],"version-history":[{"count":3,"href":"https:\/\/www.theswingingkids.com\/index.php\/wp-json\/wp\/v2\/pages\/1247\/revisions"}],"predecessor-version":[{"id":1287,"href":"https:\/\/www.theswingingkids.com\/index.php\/wp-json\/wp\/v2\/pages\/1247\/revisions\/1287"}],"wp:attachment":[{"href":"https:\/\/www.theswingingkids.com\/index.php\/wp-json\/wp\/v2\/media?parent=1247"}],"curies":[{"name":"wp","href":"https:\/\/api.w.org\/{rel}","templated":true}]}}

<h3>
					Nos représentations<br />
				</h3>
<p>Voici tous nos concerts, spectacles ou apparitions lors d&rsquo;événements durant cette année !</p>
<article>
						<a href="https://www.theswingingkids.com/index.php/2017/10/17/vernissage-cd/" title="Vernissage CD"><br />
							<img loading="lazy" decoding="async" width="600" height="849" src="https://www.theswingingkids.com/wp-content/uploads/2018/08/IMG-20171101-WA0000.jpg" alt="Vernissage du cd « The Swinging Kids »" srcset="https://www.theswingingkids.com/wp-content/uploads/2018/08/IMG-20171101-WA0000.jpg 600w, https://www.theswingingkids.com/wp-content/uploads/2018/08/IMG-20171101-WA0000-212x300.jpg 212w" sizes="(max-width: 600px) 100vw, 600px" />						</a></p>
<h2>
							<a href="https://www.theswingingkids.com/index.php/2017/10/17/vernissage-cd/" title="Vernissage CD"><br />
					Vernissage CD				</a><br />
							</h2>
<p>									Gàbor Barta<br />
									octobre 17, 2017<br />
				Vernissage du CD « The Swinging Kids » Vendredi 10 novembre à 18h à Bercher Affiche créée et produite par Tania Blanco The Swinging Kids Vous invite au vernissage de son premier&hellip;<br />
				<a href="https://www.theswingingkids.com/index.php/2017/10/17/vernissage-cd/"
				   title="Read more">Read more</a><br />
			<!-- .obfx-grid-col-content --></article>
<p><!-- .obfx-grid-container --><!-- .obfx-grid -->		</p>
<h3>
					Galerie photo<br />
				</h3>
<p>Quelques photos prises durant cette année !</p>
<style type='text/css'>
			#gallery-1 {
				margin: auto;
			}
			#gallery-1 .gallery-item {
				float: left;
				margin-top: 10px;
				text-align: center;
				width: 25%;
			}
			#gallery-1 img {
				border: 2px solid #cfcfcf;
			}
			#gallery-1 .gallery-caption {
				margin-left: 0;
			}
			/* see gallery_shortcode() in wp-includes/media.php */
		</style>
<dl class='gallery-item'>
<dt class='gallery-icon landscape'>
				<a data-elementor-open-lightbox="default" data-elementor-lightbox-slideshow="06ce378" href='https://www.theswingingkids.com/wp-content/uploads/2018/07/1531033826711.jpg'><img loading="lazy" decoding="async" width="150" height="150" src="https://www.theswingingkids.com/wp-content/uploads/2018/07/1531033826711-150x150.jpg" alt="" /></a>
			</dt>
</dl>
<dl class='gallery-item'>
<dt class='gallery-icon landscape'>
				<a data-elementor-open-lightbox="default" data-elementor-lightbox-slideshow="06ce378" href='https://www.theswingingkids.com/wp-content/uploads/2018/08/20170519_105305_HDR.jpg'><img loading="lazy" decoding="async" width="150" height="150" src="https://www.theswingingkids.com/wp-content/uploads/2018/08/20170519_105305_HDR-150x150.jpg" alt="" /></a>
			</dt>
</dl>
<dl class='gallery-item'>
<dt class='gallery-icon landscape'>
				<a data-elementor-open-lightbox="default" data-elementor-lightbox-slideshow="06ce378" href='https://www.theswingingkids.com/wp-content/uploads/2018/08/20170520_134539.jpg'><img loading="lazy" decoding="async" width="150" height="150" src="https://www.theswingingkids.com/wp-content/uploads/2018/08/20170520_134539-150x150.jpg" alt="" /></a>
			</dt>
</dl>
<p>			<br style='clear: both' /></p>

<p>Nos représentations Voici tous nos concerts, spectacles ou apparitions lors d&rsquo;événements durant cette année ! Vernissage CD Gàbor Barta octobre 17, 2017 Vernissage du CD « The Swinging Kids » Vendredi 10 novembre à 18h à Bercher Affiche créée et produite par Tania Blanco The Swinging Kids Vous invite au vernissage de [&hellip;]</p>
